r of 24 and 481795740?
12
What is the highest common divisor of 11424972 and 42?
6
What is the highest common divisor of 110210480 and 160?
80
What is the highest common divisor of 3324064 and 20274?
218
What is the highest common factor of 17 and 5647?
1
What is the greatest common factor of 77839 and 390?
1
Calculate the greatest common factor of 52453794 and 15240.
762
What is the greatest common factor of 9 and 75399237?
9
Calculate the highest common divisor of 17742025 and 1575.
175
What is the greatest common divisor of 320 and 574880000?
320
Calculate the highest common factor of 2468 and 43220.
4
What is the greatest common factor of 121 and 388641781?
11
Calculate the greatest common divisor of 14214 and 1862446.
206
Calculate the highest common divisor of 14400 and 395775.
225
What is the greatest common factor of 1666 and 1072708?
98
What is the greatest common divisor of 9396 and 30316356?
324
What is the greatest common divisor of 29440 and 27830?
230
What is the highest common factor of 608284 and 504800?
2524
What is the highest common factor of 38334 and 9990?
6
What is the greatest common factor of 44599 and 13699?
103
What is the greatest common factor of 102 and 23873559?
51
What is the highest common divisor of 63665 and 19516?
119
What is the greatest common factor of 632 and 19458806?
158
Calculate the highest common factor of 10479053 and 6565.
1313
What is the highest common factor of 264 and 236077248?
264
What is the greatest common factor of 1197651 and 672?
21
Calculate the highest common divisor of 3497400 and 4.
4
What is the greatest common divisor of 28000 and 338750?
250
Calculate the greatest common divisor of 18352 and 17710272.
592
What is the highest common factor of 5103074 and 46283?
1493
What is the greatest common divisor of 1454238633 and 17782?
8891
What is the greatest common factor of 40 and 8613260?
20
What is the greatest common divisor of 55185534 and 54?
18
What is the greatest common factor of 48166310 and 6590?
6590
Calculate the highest common factor of 37024 and 15888.
16
What is the highest common divisor of 864 and 4886055?
27
What is the greatest common factor of 1047424 and 2273600?
3136
What is the greatest common factor of 13878 and 5322321?
27
Calculate the highest common factor of 1275 and 8517595.
85
Calculate the highest common factor of 17739 and 2316033.
243
What is the greatest common factor of 69 and 1774243?
23
Calculate the greatest common factor of 53959871 and 9352.
1169
What is the greatest common factor of 14385 and 6130065?
2055
Calculate the highest common divisor of 4730 and 2085457.
473
What is the greatest common factor of 1477896 and 535116?
228
What is the greatest common factor of 2365116 and 108?
12
Calculate the highest common factor of 53070 and 1064450.
610
What is the highest common divisor of 5109403 and 923?
13
Calculate the greatest common factor of 14892012 and 107892.
2916
What is the greatest common factor of 1484 and 46879189?
371
Calculate the greatest common factor of 112 and 11661517.
7
Calculate the highest common factor of 135 and 4065165.
45
Calculate the highest common factor of 36240792 and 48.
24
Calculate the greatest common divisor of 351159 and 81.
3
What is the greatest common divisor of 239877 and 495?
99
Calculate the highest common divisor of 3193 and 42195907.
103
Calculate the highest common factor of 87966 and 24300.
486
What is the highest common factor of 2960 and 122692?
148
What is the highest common divisor of 27 and 115406?
1
What is the greatest common factor of 11700904 and 8?
8
Calculate the highest common divisor of 78 and 117374946.
78
Calculate the highest common factor of 425029000 and 250.
250
What is the highest common factor of 16849113 and 9388?
2347
What is the highest common factor of 54350411 and 34?
17
What is the greatest common factor of 19695 and 12496965?
195
Calculate the greatest common factor of 1997874 and 68.
34
What is the greatest common factor of 58615 and 5741185?
3085
What is the greatest common divisor of 18017176 and 64?
8
Calculate the greatest common divisor of 113368 and 11248.
296
Calculate the highest common factor of 16 and 4506644.
4
What is the highest common factor of 18318456 and 12?
12
Calculate the greatest common divisor of 3130 and 3112785.
1565
What is the highest common divisor of 780246533 and 38?
19
What is the greatest common divisor of 424101125 and 1750?
875
Calculate the greatest common factor of 191180 and 2340.
20
Calculate the highest common factor of 1967 and 76223.
7
Calculate the greatest common divisor of 570532464 and 33680.
6736
What is the greatest common divisor of 1510692 and 954204?
1572
What is the highest common factor of 2196 and 262368?
36
Calculate the greatest common factor of 324396415 and 49.
49
Calculate the highest common divisor of 16552061 and 37.
37
Calculate the greatest common divisor of 35835644 and 97669.
8879
What is the greatest common factor of 4518 and 4708258?
502
What is the greatest common divisor of 95046 and 30076?
146
Calculate the greatest common factor of 53350 and 104350.
50
Calculate the highest common factor of 16 and 2399880.
8
What is the greatest common divisor of 8278580 and 6580?
940
What is the highest common factor of 861 and 453736668?
861
Calculate the highest common divisor of 65954 and 170942.
1346
Calculate the greatest common factor of 8095260 and 120.
60
What is the greatest common factor of 12926259 and 585?
9
What is the highest common factor of 275969395 and 38?
19
What is the greatest common divisor of 1204 and 140760844?
1204
Calculate the highest common divisor of 9431380 and 329.
7
Calculate the highest common factor of 521459982 and 63.
9
Calculate the greatest common divisor of 1742 and 559093158.
1742
Calculate the highest common factor of 97680 and 1952379.
1221
What is the greatest common factor of 887100937 and 703?
703
Calculate the highest common factor of 30 and 9233340.
30
What is the highest common factor of 7819 and 217?
7
Calculate the highest common factor of 395225272 and 24.
8
Calculate the greatest common factor of 239503 and 121.
11
What is the greatest common divisor of 702 and 1527741?
27
What is the highest common divisor of 261649884 and 9456?
2364
What is the highest common divisor of 327152 and 419888?
2576
What is the greatest common divisor of 51486 and 31818?
6
What is the highest common factor of 707 and 40229?
7
Calculate the greatest common factor of 11354300 and 8.
4
Calculate the greatest common factor of 1578694932 and 596.
596
What is the highest common factor of 12312 and 9855072?
1368
Calculate the greatest common factor of 2517900 and 7203.
21
Calculate the greatest common divisor of 952 and 463012.
68
What is the highest common divisor of 1538992 and 5397?
7
What is the greatest common divisor of 646075 and 2951950?
1075
What is the highest common divisor of 27759897 and 8901?
387
Calculate the highest common divisor of 13015314 and 36.
18
Calculate the highest common divisor of 312855975 and 225.
225
Calculate the highest common divisor of 593248421 and 6317.
6317
What is the highest common factor of 1244380 and 440?
20
Calculate the highest common divisor of 1815576 and 15729.
2247
What is the greatest common divisor of 37049255 and 10?
5
Calculate the highest common divisor of 31575240 and 107270.
6310
Calculate the highest common divisor of 54678 and 1703.
13
Calculate the highest common factor of 135 and 78972885.
45
Calculate the highest common divisor of 2273 and 52.
1
What is the greatest common factor of 39548840 and 3880?
3880
Calculate the highest common divisor of 1081572 and 13543.
467
Calculate the highest common divisor of 32007470 and 55.
55
What is the highest common factor of 6795 and 50967030?
2265
What is the highest common factor of 2434311 and 79797?
201
Calculate the highest common divisor of 15550 and 65450261.
311
Calculate the highest common divisor of 530513128 and 8.
8
Calculate the greatest common factor of 79521304 and 83.
83
What is the highest common factor of 1058 and 11757554?
1058
What is the highest common divisor of 2286144 and 540?
108
What is the greatest common factor of 171 and 136159?
1
Calculate the highest common factor of 1